= -53 + 107 - 48 - 3*u. Give k(6).
-12
Let t(u) be the second derivative of u**3/3 + u**2 - u. Suppose 0 = 4*f + 4, -138*f + 140*f - 6 = 2*o. What is t(o)?
-6
Let m(x) be the third derivative of x**5/30 - 5*x**4/8 + 4*x**3/3 - 255*x**2. Give m(6).
-10
Suppose 11*z + 147 = 169. Let y(m) = -5*m + 1. What is y(z)?
-9
Let b(x) be the second derivative of 5*x**3/6 - 2*x**2 - 45*x. Give b(3).
11
Let g be (-3)/3*(1 + -1). Suppose g = -3*v + 2*v + 10. Let o(j) = -3*j**2 + 3*j. Let h(d) = -d**2 + d. Let i(b) = v*h(b) - 4*o(b). What is i(3)?
12
Let r be (-5 - -5)/(-2) - (-5 + 1). Let g(u) = -15*u + 4 + r*u + 8*u + 8*u. Calculate g(-3).
-11
Let u(z) = -63*z**2 - 22*z - 13. Let x(p) = 88*p**2 + 33*p + 19. Let h(s) = 7*u(s) + 5*x(s). Determine h(12).
-8
Let a(g) = 0*g**2 + 221*g + 236*g - 8 - g**2 - 463*g. What is a(-4)?
0
Let r be -1 + -2 + (-1 - (5 - -5)). Let b be 6/105*-5 + 66/r. Let y(q) = -q - 1 + 0*q + 0. Calculate y(b).
4
Let q be -32*((-99)/(-36))/(-11). Let d(r) be the second derivative of -r**3/6 + 9*r**2 + r. Determine d(q).
10
Let q be (-1)/3 - (-38)/6. Suppose q - 1 = -d. Let k be (-2 + (-48)/(-15))*d. Let y(c) = -2*c - 7. Calculate y(k).
5
Let j(n) = n**3 - n**2 - n - 17. Suppose 3*f + 0 = 4*o - 9, -5*o = 4*f + 12. What is j(o)?
-17
Let l = -209 - -12541/60. Let p(h) be the third derivative of -l*h**5 + 0 - 7*h**2 + 0*h - 1/2*h**3 - 7/24*h**4. Determine p(-6).
3
Let j be 2/(-9) + 4/((-72)/86). Let m(f) be the first derivative of -f**2/2 - 2*f - 3. Give m(j).
3
Let a be (-5)/3*(-126)/35. Suppose -5*d = 4*l - 44, -14 = -l - a*d + 4*d. Let i(r) = r - 13. What is i(l)?
-7
Let v(n) be the third derivative of n**6/120 - n**5/10 + 3*n**4/8 - 17*n**3/6 - 204*n**2 + 2. Determine v(5).
3
Let k be (2/3)/(4/6). Let s be ((4 - 0) + 3)*k. Let y(h) = -h**2 + 7*h - 6. Determine y(s).
-6
Let j(k) = -k**2 + 13*k + 8. Suppose -5*s + 249 = 199. Determine j(s).
38
Let r be -3 + 12/4 - (0 - 5). Let q(n) be the second derivative of n**3/6 - 3*n**2 - 6*n. Calculate q(r).
-1
Let n(u) be the first derivative of u**3/3 - 5*u**2 + 17*u + 9. Let x be n(7). Let g be 2 - ((0 - x) + -4). Let l(b) = 2*b**2 - 2*b. Calculate l(g).
4
Let y(w) be the first derivative of -w**4/4 - w**3 + 2*w**2 + 3*w - 593. What is y(-2)?
-9
Suppose 26*n + 10 = 16*n. Let x(w) = 12*w**3 - 3*w**2 - 4*w - 2. Calculate x(n).
-13
Let s(n) = n**2 - n + 4. Suppose 0 = -7*p - 85 + 106. Determine s(p).
10
Let v(y) = -y - 2. Let x(n) = -3*n**2 - n + 4. Let i(f) = 2*v(f) + x(f). Let h be 3/(-3)*4 + 2. Calculate i(h).
-6
Suppose 2*i - 2 + 0 = -q, 5*i - 5 = 5*q. Let h(v) = 5*v**2 + 0 + 5*v + i - 13*v**2 + 9*v**2. Give h(-5).
1
Let l(n) be the first derivative of n**2/2 - 8*n - 11. Suppose 12*m + 30 = 15*m. Determine l(m).
2
Let d = -33 + 26. Let g(b) be the first derivative of -1/4*b**4 - 6*b + 5 - 4*b**2 - 8/3*b**3. What is g(d)?
1
Let f(r) = 3*r**3 + 2*r**2 + 12*r. Let g(t) = -2*t**3 - t**2 - 10*t - 1. Let p(w) = -4*f(w) - 5*g(w). What is p(-2)?
5
Let l(r) = 9*r + 1. Suppose 2*y - 2*o + 1 = 3*o, o + 3 = 2*y. Suppose 2*f + 5*g = -2, f - y*f + 3*g - 1 = 0. Calculate l(f).
-8
Let l(m) = 2*m - 1. Suppose 0 = 4*z + 2*x + 142, -3*z = 2*z - x + 188. Let h = -35 - z. What is l(h)?
3
Let w = 82 - 79. Let q(a) = 0 - 7 + w + a. Determine q(6).
2
Let b(t) = 2*t - 4. Suppose 13 = 6*z + 1. Let p(k) = k + 4. Let c be p(z). Determine b(c).
8
Let g(v) = -v**3 + 8*v**2 - 5*v - 7. Suppose 9 = -5*i + 29. Suppose -i*w - 35 = -9*w. Calculate g(w).
7
Let j(y) = 0*y**2 - 2*y - 4680*y**3 + 5 - 9 + 4679*y**3 + 0*y**2. What is j(0)?
-4
Let c be 12/(-3)*-2*1. Let o(u) be the second derivative of u**5/20 - 7*u**4/12 - 7*u**3/6 + 2*u**2 + 1401*u. Give o(c).
12
Let c(m) = 4*m**3 + 10*m**2 - 3*m + 15. Let k(f) = -f**3 + f**2 + f - 3. Let s(h) = -c(h) - 5*k(h). Give s(15).
-30
Let l(m) be the first derivative of -m**3/3 + 3*m + 3. Let f be l(0). Let x(y) = -8*y + 2*y**2 - 4*y**2 - 2 + 11*y. Give x(f).
-11
Let g(l) = -2*l**3 - 4*l**2 + 3*l + 6. Let b(m) = m**3 + 3*m**2 - m - 3. Let k(x) = 5*b(x) + 3*g(x). Calculate k(5).
-27
Suppose 0 = 3*b - 2*w - 9, -1 - 3 = b - 3*w. Suppose 4*a = -a + 3*m - 50, 2*m + 4 = -2*a. Let p = a + b. Let g(x) = -x**3 + x**2 + 3*x + 1. Give g(p).
7
Let d be (-3 - -2)/(3/(-9)). Suppose -5*n + 4 = w, -2*w - d*n = -0*w - 1. Let h be w/((-1)/(-3)*3). Let p(i) = -7*i - 1. Calculate p(h).
6
Suppose 2*u = -2*p + 30, -p = -0*u - 5*u + 81. Suppose -4*f + 2*b = u + 14, -3*f - 4*b = 17. Let c(m) = -m**2 - 9*m - 4. Determine c(f).
10
Suppose 247*t = 252*t - 5*i - 40, -2*i = 4. Let x(g) = g**2 - 8*g + 1. Give x(t).
-11
Let r be (-1)/(-4) + 42/(-8). Let q(v) = 4*v**3 + 2*v**2 - 5*v + 1. Let y(o) = o**3 - o**2 - o. Let s(g) = -q(g) + 3*y(g). Determine s(r).
-11
Let p(d) = -41*d - 11 - 46*d + 84*d. What is p(-8)?
13
Let t(u) be the second derivative of -u**5/20 + u**4 - 10*u**3/3 + 5*u**2 + 19*u - 3. Calculate t(10).
10
Let l be ((-1)/5)/(8/(-40)) - -1. Let f(t) = -44 - l*t + t**2 - 4*t**2 - t**3 + 40. Give f(-4).
20
Let l(i) be the second derivative of i**5/20 - i**4/6 - 5*i**3/6 - i**2/2 - 49*i - 2. Give l(4).
11
Suppose -2*i = -6, -4*h + 0*i = 3*i - 9. Let u(s) = -14610 - s**3 + 7308 - s**2 + 7304. Calculate u(h).
2
Suppose -4*t - 2800 = -4*d, -2*d - 2*t = t - 1380. Let n(f) = f + 696 - d. Determine n(11).
11
Let o(k) be the second derivative of 0 - 7/2*k**2 - k - 5/24*k**4 + 0*k**3 + 1/120*k**6 + 1/12*k**5. Let u(i) be the first derivative of o(i). Give u(-6).
-6
Let j(z) = -z + 1. Suppose -88 = 91*q - 102*q. What is j(q)?
-7
Let q(l) = 2*l**2 + 2*l. Let p(h) = -11*h**2 - 10*h - 2. Let a(n) = p(n) + 4*q(n). What is a(-2)?
-10
Let l(s) = 10 + s - 2*s**2 + s + 3*s**2 - 12*s. What is l(8)?
-6
Let a(v) = -v**2 - 2*v + 1. Let j be (-462)/(-60) + -8 - 171/30. Determine a(j).
-23
Let n(o) = -4*o + 22. Let z(q) = 20*q - 114. Let p(y) = -16*n(y) - 3*z(y). Give p(6).
14
Let k be ((-24)/(-20))/((-6)/(-555)). Let h be 1/(-4) - k/(-12). Let t(g) = 0*g**3 + 3*g**3 + g - h*g**3. Determine t(-1).
5
Let n(h) = -h**2 + 2*h - 2. Suppose -51*a + 54*a + 384 = 0. Let l = 131 + a. Calculate n(l).
-5
Suppose f + 2 + 3 = 0. Let y be f - -7 - 5 - -5. Let b(i) = -i**3 + 2*i**2 - 3*i + 3. Determine b(y).
-3
Let l(z) = -2*z + 1. Suppose -6 = -x + 2. Let j be (-2)/x + 275/44. Suppose -4 = 5*t + 3*v + 4, t + 5*v + j = 0. Determine l(t).
3
Let n(y) be the third derivative of -y**5/60 + 7*y**4/24 - 4*y**3/3 + 4*y**2 - 13. Calculate n(4).
4
Let a(w) = w**3 - w**2 - 2*w. Let t(h) be the first derivative of h - 7. Let u(r) = -r**2 + 11*r + 12. Let z(k) = 2*t(k) + u(k). Let o be z(12). What is a(o)?
0
Let l(j) = 3*j**3 + j**2 + 4*j + 10. Let n(f) = -2*f**3 - f**2 - 4*f - 8. Let o(u) = -3*l(u) - 4*n(u). What is o(-2)?
6
Suppose 3*v + 15 = -0*v, -y + 23 = -3*v. Suppose 0*p = p + y. Let n(j) = -j**3 - 7*j**2 + 9*j + 6. Let s be n(p). Let r(l) = l**2 + 5*l + 3. Give r(s).
-3
Let h = 2 + 0. Let o(r) = 3*r + h + 3 - 5*r. Suppose 0 = s + b - 10, 2*b + 3*b - 15 = 2*s. Determine o(s).
-5
Let m(t) = t**2 + 13*t - 65. Let i be m(-17). Let r(o) be the second derivative of -1/20*o**5 - o**i + 0 - 1/2*o**2 + o - 1/2*o**4. Give r(-4).
-9
Let v(s) = -s**3 + 9*s**2 + 9*s + 8. Let l be (31 + (-208)/13)/(6/4). Give v(l).
-2
Let f(m) be the third derivative of -5*m**4/12 + m**3/3 - 2*m**2. Calculate f(3).
-28
Let o(j) = -j**2 + 3*j - 1. Let r(a) = -360*a**2 + a**3 - 3 - 2*a**3 - 3*a + 352*a**2. Let y be r(-8). Let i = -19 + y. Give o(i).
1
Suppose -12*k + 416 = -44*k. Let y(t) = t**3 + 14*t**2 + 14*t + 14. What is y(k)?
1
Let r(o) be the third derivative of -o**6/120 + o**5/60 - o**4/8 - 212*o**2. Calculate r(2).
-10
Suppose -56*f = -3*j - 51*f - 13, 4*f - 20 = 0. Let a(l) be the first derivative of -1/4*l**j - 3/2*l**2 + 1 + 7/3*l**3 - 7*l. Give a(6).
11
Let c(o) = o + 2. Let a be (-2)/9 - 47/(-9). Let y = -31 - -34. Suppose y*b = a*b. Calculate c(b).
2
Let g(h) be the first derivative of h**4/4 + 4*h**3/3 + 5*h + 389. Suppose 5*l = -5*r - 5, 0*l - 4*r = 2*l - 4. Determine g(l).
5
Let a(z) = z + 6. Let h = -39 + 29. Let m be a(h). Let s(l) = -l**3 - 5*l**2 - 3*l + 2. Determine s(m).
-2
Let j(d) = -d - 5. Let x be -4 + 14*(-2)/(-4). Suppose x = 5*a - 2. Let s be 0 - (1 - -3)/a. What is j(s)?
-1
Suppose 5*u - 36 = 2*s + 34, 2*s = -u + 2. Let f(y) = -y**3 + 11*y**2 + 10*y + 12.